{"id":1844,"date":"2022-11-11T21:34:50","date_gmt":"2022-11-11T19:34:50","guid":{"rendered":"http:\/\/porukanasolji.in.rs\/index.php\/product\/deda-mraz-irvas\/"},"modified":"2022-11-11T21:34:50","modified_gmt":"2022-11-11T19:34:50","slug":"deda-mraz-irvas","status":"publish","type":"product","link":"https:\/\/porukanasolji.in.rs\/index.php\/product\/deda-mraz-irvas\/","title":{"rendered":"Deda mraz irvas"},"content":{"rendered":"<p>\u0160olje sa \u0161tampom su idealan poklon i znak pa\u017enje za vama drage osobe#solje #dedamraz #novagodina<\/p>\n","protected":false},"excerpt":{"rendered":"<p>\u0160olje sa \u0161tampom su idealan poklon i znak pa\u017enje za vama drage osobe#solje #dedamraz #novagodina<\/p>\n","protected":false},"featured_media":1843,"comment_status":"open","ping_status":"closed","template":"","meta":[],"product_brand":[],"product_cat":[15],"product_tag":[],"class_list":{"0":"post-1844","1":"product","2":"type-product","3":"status-publish","4":"has-post-thumbnail","6":"product_cat-bezkategorije","8":"first","9":"instock","10":"shipping-taxable","11":"purchasable","12":"product-type-simple","13":"customify-col"},"jetpack_sharing_enabled":true,"_links":{"self":[{"href":"https:\/\/porukanasolji.in.rs\/index.php\/wp-json\/wp\/v2\/product\/1844","targetHints":{"allow":["GET"]}}],"collection":[{"href":"https:\/\/porukanasolji.in.rs\/index.php\/wp-json\/wp\/v2\/product"}],"about":[{"href":"https:\/\/porukanasolji.in.rs\/index.php\/wp-json\/wp\/v2\/types\/product"}],"replies":[{"embeddable":true,"href":"https:\/\/porukanasolji.in.rs\/index.php\/wp-json\/wp\/v2\/comments?post=1844"}],"wp:featuredmedia":[{"embeddable":true,"href":"https:\/\/porukanasolji.in.rs\/index.php\/wp-json\/wp\/v2\/media\/1843"}],"wp:attachment":[{"href":"https:\/\/porukanasolji.in.rs\/index.php\/wp-json\/wp\/v2\/media?parent=1844"}],"wp:term":[{"taxonomy":"product_brand","embeddable":true,"href":"https:\/\/porukanasolji.in.rs\/index.php\/wp-json\/wp\/v2\/product_brand?post=1844"},{"taxonomy":"product_cat","embeddable":true,"href":"https:\/\/porukanasolji.in.rs\/index.php\/wp-json\/wp\/v2\/product_cat?post=1844"},{"taxonomy":"product_tag","embeddable":true,"href":"https:\/\/porukanasolji.in.rs\/index.php\/wp-json\/wp\/v2\/product_tag?post=1844"}],"curies":[{"name":"wp","href":"https:\/\/api.w.org\/{rel}","templated":true}]}}